 = -130*x + 135*x. What are the prime factors of q?
2, 9059
Suppose -2*c - 5*m + 9 = -20, 4*m = 20. Suppose -2*o = -8, -c*x + 0 - 136 = 4*o. What are the prime factors of (3 - -1)*(-3097)/x?
163
Suppose -90*n + 97984 - 121955 = -370381. What are the prime factors of n?
3, 1283
Let r(q) = q**3 + q. Let j be 3 + (-4 + 8)/(-1 - 1). Let f be r(j). Let h(w) = 61*w + 13. What are the prime factors of h(f)?
3, 5
Suppose 4*b = 2*i + 29356 + 43742, -4*b - 5*i + 73119 = 0. List the prime factors of b.
2, 3, 1523
Let l(g) = -10080*g**2 + 8*g + 14. Let y be l(-4). Let n be y/(-377) - (22/26 + -1). Suppose 14*t + n = 16*t. List the prime factors of t.
2, 107
Suppose 2*b = 3*n + 23941, 0 = 3*b - 2*n + 18676 - 54575. What are the prime factors of b?
7, 1709
List the prime factors of 10 + 18806*(-1 - -2) + -9.
3, 6269
Suppose -5*y + 230 = -3*p, 2*y = -2*y - 4*p + 216. Let x = y - 47. Let b = 68 + x. What are the prime factors of b?
2, 5, 7
Suppose -64*f + 42*f - 276237 = -49*f. What are the prime factors of f?
13, 787
Let k(x) = -3*x - 14. Let c be k(-5). Suppose -3*o + 2*w - 26 = 0, o - 4*w + c = 9. List the prime factors of 579/8 - o/(-32).
2, 3
Let l = 758 - -2350. What are the prime factors of l?
2, 3, 7, 37
Let m(j) = -170*j + 4732. What are the prime factors of m(-8)?
2, 1523
Suppose 4*n + 13 = -51. Let m(b) = -9*b - 17. Let u be m(-10). Let j = n + u. List the prime factors of j.
3, 19
Suppose 3*m = -3*w + 5*w - 25800, -3*m = w - 12900. List the prime factors of w.
2, 3, 5, 43
Let y(w) = -w**2 - 37*w - 82. Let g be -4*7/(14/8). What are the prime factors of y(g)?
2, 127
Let p(w) be the third derivative of w**6/60 - w**5/6 + w**4/2 - w**3 + 17*w**2. Let z be p(5). Suppose -10*t - z + 264 = 0. List the prime factors of t.
3, 7
Let u(g) = g**2 - 25*g + 14. Let j = -214 + 251. List the prime factors of u(j).
2, 229
Let j be ((-8)/1)/(34/(-527)). Suppose 0*u - j = -4*u. Suppose -n + u = -19. List the prime factors of n.
2, 5
Let z = 12798 + -3720. What are the prime factors of z?
2, 3, 17, 89
Suppose -20 = 4*w - 0, -3*t + 4 = -2*w. What are the prime factors of t + (68 - (1 + -2))?
67
Let q be -2 + 3 + -8 + 0. List the prime factors of (-2967)/(-6) + ((-15)/2 - q).
2, 13, 19
Suppose w = 3*u - 25559, -w = 18*u - 19*u + 8515. List the prime factors of u.
2, 4261
Suppose 45*y - 27*y = 14058. Suppose 2231 = 6*w - y. List the prime factors of w.
2, 251
Suppose -2814*v - 1487096 = -2918*v. What are the prime factors of v?
79, 181
Let o = -1936 - -10765. What are the prime factors of o?
3, 109
Let v be (-72)/(-7) + (88/(-14) - -6). Suppose -v = f - 15. Suppose -f*w + 124 = -211. List the prime factors of w.
67
Let i(r) = 197*r - 992. List the prime factors of i(21).
5, 17, 37
Suppose -3*f + 1 = f + j, -3*f - 4 = -4*j. List the prime factors of (-109)/(-3)*(-90)/(f + -5).
2, 3, 109
Let s(u) = 17*u + 20*u + 17 + 27 + 5. What are the prime factors of s(9)?
2, 191
Let s = 18714 + -2617. List the prime factors of s.
16097
Let y be -2 + 7 + (3933 - (-10)/(-2)). Suppose 3*n = -4*x + 2201, -5*n + y = x + 242. What are the prime factors of n?
739
Let m(b) = -558*b + 141. Let x be m(-11). Suppose 5*i = -4*w + x + 282, 0 = 2*i - 10. What are the prime factors of w?
2, 19, 43
Let r(z) = z**2 - 16*z - 1. Let x(m) = -6*m**2 + 80*m + 6. Let j(d) = 11*r(d) + 2*x(d). Let n be j(-16). List the prime factors of -1 + 2/n + (0 - -10).
11
Suppose -5*y + 0*y + 45 = 0. Suppose -2*p + 2420 = y*p. What are the prime factors of p?
2, 5, 11
Let v be (1 + -9)/((-8)/12). Let u(s) = 27 + 3*s - 24 - s. List the prime factors of u(v).
3
Let u(z) = 33*z - 77. Let w(b) = -34*b + 77. Let s(x) = 5*u(x) + 6*w(x). What are the prime factors of s(-16)?
701
Suppose -3*p - 2*d + 3*d + 1183 = 0, 0 = 3*p + 5*d - 1213. What are the prime factors of (p/(-10))/((-206)/2575)?
3, 5, 11
Let p = -22 - -29. Let g = 36 - 0. Suppose 3*j = p*j - g. List the prime factors of j.
3
Let z = 36291 + -21291. List the prime factors of z.
2, 3, 5
Let c(s) = -14505 - 28*s - 6*s + 14686. What are the prime factors of c(-15)?
691
Let t(q) = -1031*q - 5. Let l be t(-1). Suppose -l = -3*b - 105. List the prime factors of b.
307
Let m = -477 + 1901. Let l = 2610 - m. What are the prime factors of l?
2, 593
Let g(n) = -220*n - 751. What are the prime factors of g(-86)?
18169
Let o = -6616 + 9822. Let x = o - 1920. List the prime factors of x.
2, 643
Let x(q) = -q**3 + 17*q**2 + 16*q + 33. Let z be x(18). Let p(g) = -21*g**3 - 3*g**2 - g + 8. List the prime factors of p(z).
19, 29
Let q = -1559 + 2516. Let f = 32 + -25. Suppose -f*a - q = -18*a. List the prime factors of a.
3, 29
Let o(k) = -k**3 + 32*k**2 + 193*k - 35. List the prime factors of o(36).
7, 13, 19
Let t be ((-11)/(-11))/(2/(-8)). Let y be 2/(t/10) + 120. Let k = 15 + y. What are the prime factors of k?
2, 5, 13
Let a = -17 - 53. List the prime factors of (601/5)/(14 + 966/a).
601
Suppose 32*f - 51909 - 328000 = 44603. List the prime factors of f.
2, 3, 11, 67
Let g = 59410 + -33031. What are the prime factors of g?
3, 977
Suppose 2*f - q - 9519 = 0, -386*f + q = -381*f - 23796. List the prime factors of f.
4759
Let n be -6 - (-172)/28 - (-474)/14. Suppose -30*b = -n*b + 560. Let a = b - 97. What are the prime factors of a?
43
Let y(c) = 15 + 29 + 15*c + c**2 + 30. What are the prime factors of y(-25)?
2, 3
Suppose -3*r - 20 = -4*c, r - 10 = -2*c + 6*r. Suppose 0 = -c*l + 7*l - 754. What are the prime factors of l?
13, 29
Let g be (-2)/(-9) + (-5440)/180. What are the prime factors of ((-75)/g)/(2/292)?
5, 73
Let s = 4903 + -4118. List the prime factors of s.
5, 157
Let s(m) = -m**2 + 5*m + 513. Let j = 778 - 778. List the prime factors of s(j).
3, 19
Let n(b) = 36. Let k(u) = -u + 1. Let v(h) = 3*k(h) - n(h). Let x be v(-11). Suppose x = -5*i + i + 384. List the prime factors of i.
2, 3
Let u(a) = -3*a + 87. Let o be u(17). Suppose 0 = o*m - 35*m - 418. What are the prime factors of m?
2, 11, 19
List the prime factors of (-25013)/(-4) - (-3 - (-182)/56).
13, 37
Let f(v) = 20*v - 179. Let g(s) = 22*s - 179. Let j(r) = -3*f(r) + 4*g(r). What are the prime factors of j(8)?
3, 5
Let d = -720 - -4314. List the prime factors of d.
2, 3, 599
Suppose 0 = 5*p - 3*p + 6. Let k be 5 + -2 + p + 5. Suppose k*y - 9*y = -5*a - 341, -3*y = -3*a - 252. List the prime factors of y.
79
Suppose j - q - 5 = 0, 3*q - q = -3*j + 5. List the prime factors of ((-19)/j)/(1/(-9)).
3, 19
Let i = 12951 - 8376. List the prime factors of i.
3, 5, 61
Let f(j) = 41*j - 122. Let o be f(4). Suppose 0 = -47*n + o*n + 5410. What are the prime factors of n?
2, 541
Let l(f) = 37*f**2 + 26*f - 9. Let y be l(4). Let q = y - 275. List the prime factors of q.
2, 103
Let b(g) = -171 + 72*g + 23*g - 21*g + 21*g + 74*g. List the prime factors of b(4).
5, 101
Suppose -8*b + 7*b + 6 = 0. Suppose -b*u + 494 = -226. Suppose -426 + u = -17*o. List the prime factors of o.
2, 3
Let p = -375 + -4. Let b = -98 - p. What are the prime factors of b?
281
List the prime factors of (1/(-2))/((-12)/153744).
2, 3203
Suppose -43 = -3*u - 16. Suppose -u*r + 10*r = 31. Let z = r + 98. List the prime factors of z.
3, 43
Let q(m) = -330*m - 1123. What are the prime factors of q(-5)?
17, 31
Suppose -3*k = -7*i - 232095, 3*i = 16*k - 12*k - 309460. What are the prime factors of k?
5, 15473
Let v(g) = -2*g**2 + 22 + 53 + 3*g**2 - 2*g - g**3. Let t be v(0). Suppose -4*z - t = -j, -3*j + 129 = -3*z - 123. List the prime factors of j.
3, 29
Suppose -22*c = -21*c - 5. Suppose -5*b + c*j = -15 - 50, -3*j + 3 = 0. Let d = b - -67. What are the prime factors of d?
3
List the prime factors of (13237 - (-6 - 12 - -8)) + -9.
2, 6619
Suppose -14*d - 3*d + 13770 = 0. Suppose 10*f - 40 = d. Suppose -2*q + 313 = -f. List the prime factors of q.
199
Let w(l) = l**2 - 9*l + 18. Let z be w(12). Suppose 2*p + 6 = -2*b - z, -2*b - 36 = -4*p. Let h = b + 60. List the prime factors of h.
2, 17
Suppose -3*j - 20 = j. Let x(z) = -z**2 + 2*z + 8. Let s be x(j). Let r = -20 - s. What are the prime factors of r?
7
Suppose -264 = -3*r - 4143. Let b = -609 - r. List the prime factors of b.
2, 3, 19
Let r(g) = 160*g**3 - 9*g**2 + 16*g + 9. List the prime factors of r(3).
2, 3, 179
Suppose 2*f - 6 + 14 = 0. Let k be (0/(4 - 3 - -1))/f. What are the prime factors